{"id":2,"date":"2024-02-11T20:32:57","date_gmt":"2024-02-11T20:32:57","guid":{"rendered":"https:\/\/besserhazepito.hu\/?page_id=2"},"modified":"2024-03-16T14:30:12","modified_gmt":"2024-03-16T14:30:12","slug":"sample-page","status":"publish","type":"page","link":"https:\/\/besserhazepito.hu\/?page_id=2","title":{"rendered":"Bemutatkoz\u00e1s"},"content":{"rendered":"\n<p><strong>Besser Ferenc k\u0151m\u0171ves vagyok 15 \u00e9ves szakmai gyakorlattal rendelkez\u0151 v\u00e1llalkoz\u00f3. Els\u0151sorban Balaton, Velencei-t\u00f3 \u00e9s Budapest vonz\u00e1sk\u00f6rzet\u00e9ben v\u00e1llalok munk\u00e1t. Saj\u00e1t brig\u00e1ddal dolgozom.<\/strong><\/p>\n\n\n\n<ul class=\"wp-block-list\">\n<li>Csal\u00e1di h\u00e1zak teljes k\u00f6r\u0171 kivitelez\u00e9se,<\/li>\n\n\n\n<li>k\u00fcls\u0151 h\u0151szigetel\u00e9s,<\/li>\n\n\n\n<li>hideg burkol\u00e1s,has\u00edtott k\u0151burkolat,<\/li>\n\n\n\n<li>kemenc\u00e9k \u00e9s kandall\u00f3k \u00e9p\u00edt\u00e9se <\/li>\n\n\n\n<li>Paraszth\u00e1zak teljes k\u00f6r\u0171 fel\u00faj\u00edt\u00e1sa, hozz\u00e1\u00e9p\u00edt\u00e9se<\/li>\n<\/ul>\n\n\n\n<p>Kivitelez\u00e9st ak\u00e1r anyagbeszerz\u00e9ssel is v\u00e1llalom..<br>Helysz\u00edni megtekint\u00e9s ut\u00e1n ingyenes \u00e1raj\u00e1nlat k\u00e9sz\u00edt\u00e9s!<\/p>\n\n\n\n<figure class=\"wp-block-image size-large\"><img loading=\"lazy\" decoding=\"async\" width=\"1024\" height=\"768\" src=\"https:\/\/besserhazepito.hu\/wp-content\/uploads\/2024\/03\/bemutatkozashaz-1024x768.jpg\" alt=\"\" class=\"wp-image-182\" srcset=\"https:\/\/besserhazepito.hu\/wp-content\/uploads\/2024\/03\/bemutatkozashaz-1024x768.jpg 1024w, https:\/\/besserhazepito.hu\/wp-content\/uploads\/2024\/03\/bemutatkozashaz-300x225.jpg 300w, https:\/\/besserhazepito.hu\/wp-content\/uploads\/2024\/03\/bemutatkozashaz-768x576.jpg 768w, https:\/\/besserhazepito.hu\/wp-content\/uploads\/2024\/03\/bemutatkozashaz-1536x1152.jpg 1536w, https:\/\/besserhazepito.hu\/wp-content\/uploads\/2024\/03\/bemutatkozashaz.jpg 1652w\" sizes=\"auto, (max-width: 1024px) 100vw, 1024px\" \/><\/figure>\n","protected":false},"excerpt":{"rendered":"<p>Besser Ferenc k\u0151m\u0171ves vagyok 15 \u00e9ves szakmai gyakorlattal rendelkez\u0151 v\u00e1llalkoz\u00f3. Els\u0151sorban Balaton, Velencei-t\u00f3 \u00e9s Budapest vonz\u00e1sk\u00f6rzet\u00e9ben v\u00e1llalok munk\u00e1t. Saj\u00e1t brig\u00e1ddal dolgozom. Kivitelez\u00e9st ak\u00e1r anyagbeszerz\u00e9ssel is v\u00e1llalom..Helysz\u00edni megtekint\u00e9s ut\u00e1n ingyenes \u00e1raj\u00e1nlat k\u00e9sz\u00edt\u00e9s!<\/p>\n","protected":false},"author":1,"featured_media":17,"parent":0,"menu_order":1,"comment_status":"closed","ping_status":"open","template":"page-template\/custom-home-page.php","meta":{"footnotes":""},"class_list":["post-2","page","type-page","status-publish","has-post-thumbnail","hentry"],"_links":{"self":[{"href":"https:\/\/besserhazepito.hu\/index.php?rest_route=\/wp\/v2\/pages\/2","targetHints":{"allow":["GET"]}}],"collection":[{"href":"https:\/\/besserhazepito.hu\/index.php?rest_route=\/wp\/v2\/pages"}],"about":[{"href":"https:\/\/besserhazepito.hu\/index.php?rest_route=\/wp\/v2\/types\/page"}],"author":[{"embeddable":true,"href":"https:\/\/besserhazepito.hu\/index.php?rest_route=\/wp\/v2\/users\/1"}],"replies":[{"embeddable":true,"href":"https:\/\/besserhazepito.hu\/index.php?rest_route=%2Fwp%2Fv2%2Fcomments&post=2"}],"version-history":[{"count":5,"href":"https:\/\/besserhazepito.hu\/index.php?rest_route=\/wp\/v2\/pages\/2\/revisions"}],"predecessor-version":[{"id":183,"href":"https:\/\/besserhazepito.hu\/index.php?rest_route=\/wp\/v2\/pages\/2\/revisions\/183"}],"wp:featuredmedia":[{"embeddable":true,"href":"https:\/\/besserhazepito.hu\/index.php?rest_route=\/wp\/v2\/media\/17"}],"wp:attachment":[{"href":"https:\/\/besserhazepito.hu\/index.php?rest_route=%2Fwp%2Fv2%2Fmedia&parent=2"}],"curies":[{"name":"wp","href":"https:\/\/api.w.org\/{rel}","templated":true}]}}